What are the prime factors of z(-19)?
197
Suppose 18 = 3*k - 2*u, -u - 29 = -5*k + 2*u. Suppose -k*r + 4767 = 4*w + r, -1200 = -w - 4*r. List the prime factors of w.
2, 3, 11
Suppose -s - 153 = s + o, 0 = -5*s + 5*o - 345. Let g = s - -78. Suppose -5*c + 108 = g*n, 3*c + 24 = 2*n - 2*c. List the prime factors of n.
2, 11
Let t be (51/(-6)*-4)/(8/20). Suppose -5*f + 3*i = -102 - t, 3*f = -5*i + 119. List the prime factors of f.
2, 19
Let a(k) = 18*k**3 - 12*k**2 + 18*k - 107. What are the prime factors of a(6)?
3457
Let r(z) = 31*z**2 - 10*z - 27. Let n be r(-2). Let q = 214 + -94. Let a = n + q. List the prime factors of a.
3, 79
Let o(m) = -3*m**2 - m**3 + 13*m - 21*m + 5*m - 3. Let x = 7 + -10. What are the prime factors of o(x)?
2, 3
Let c = 95305 + -66028. List the prime factors of c.
3, 3253
Suppose 5*f - 23 - 2 = 0. Let g be (3/1)/(16/10 - 1). Suppose 0 = 5*q - 5, -g*q = -f*d - 0*q + 410. List the prime factors of d.
83
Let l(b) = 44*b**2 + 3*b - 3. Let s be (-9)/(63/35) + 7. List the prime factors of l(s).
179
Let d(w) = w**2 - 4*w + 35. Let y be d(0). What are the prime factors of 1*1*305 + y + -35?
5, 61
Suppose -4*g + 1192 + 7353 = -5*l, g + 5*l = 2105. Suppose 4*z - 2821 = 5*b, 3*z + 0*b + b - g = 0. What are the prime factors of z?
709
Let i = -705 + 287. Let u = -191 - i. What are the prime factors of u?
227
Let c be (-12)/(-78) + (-4)/26. Let d(o) = o**3 - 2*o**2 + 4*o. Let s be d(10). Suppose -6*u = -c*u - s. What are the prime factors of u?
2, 5, 7
Let z(l) = 49*l - 37. Let x be z(3). Suppose -4*g - x = -j, 13*j - 12*j = g + 98. What are the prime factors of j?
2, 47
List the prime factors of (-210)/(-140)*4462/1.
3, 23, 97
List the prime factors of ((-9)/4)/((-6)/1888).
2, 3, 59
Suppose -539651 - 326704 = -52*h - 53*h. List the prime factors of h.
37, 223
Let c = -69 - -73. Suppose 4 = -c*x - 4*h, 5 = 5*x - 6*h + h. Suppose -2*y - w = -38, 4*w = -4*y - x*w + 68. List the prime factors of y.
3, 7
Suppose -29*n = 2*h - 30*n - 68316, -h = -4*n - 34130. List the prime factors of h.
2, 19, 29, 31
Let l = -113 - -117. Suppose l*o + 968 = 6*o. Suppose 2*q + o = 2*h, -4*h - 2*q + 943 = -q. List the prime factors of h.
3, 79
Suppose 0 = -5*b + 2*f - 52, -4*b + 9*f - 6*f = 36. List the prime factors of (4/b)/(1/(-1878)).
2, 313
Suppose 4*o + 3208 = -4*u, -4*u - 12 = -8. Let k = o + 1805. List the prime factors of k.
2, 251
Let f(c) = 213*c**2 + 2*c. Let l be f(1). Let k = l - 117. What are the prime factors of k?
2, 7
Let l = -706 - -709. Let p(n) = -n**2 + 4*n - 3. Let r be p(3). Suppose 11*c - l*c - 88 = r. What are the prime factors of c?
11
Suppose 20 = 4*l + 4*x, 2*x - 7 = -l - x. Suppose 0 = -f + l*y + 82 + 172, 4*f = 4*y + 992. List the prime factors of f.
2, 3, 41
Suppose 8*n - 1698 = 38. Let r = -110 + n. What are the prime factors of r?
107
Suppose -56*u + 25*u + 74276 = 0. What are the prime factors of u?
2, 599
Let k be ((-9)/(-4))/((-81)/35208). What are the prime factors of (-4)/((-16)/k)*(-208)/78?
2, 163
Let n(j) = -6*j**3 - 26*j**2 - 7*j - 36. Let f(q) = -18*q**3 - 77*q**2 - 20*q - 107. Let y(z) = 6*f(z) - 17*n(z). What are the prime factors of y(-7)?
5, 211
List the prime factors of 223494744/3388 - (1 + (-9)/21).
2, 32983
Suppose -4*f + 3890 = 2*b, -7*f = -5*f - 10. What are the prime factors of b?
3, 5, 43
Let g be (7 + -6)*-6*(-395)/15. Suppose -x + 264 = g. What are the prime factors of x?
2, 53
Suppose 572*c - 17094 = 570*c. List the prime factors of c.
3, 7, 11, 37
Suppose 5*j = 4*q + 21550 + 161409, 4*q = -4*j + 146324. What are the prime factors of j?
36587
Let l be 6 - 0/2 - (-10891 + -2). Suppose -5*v - 3909 = -l. List the prime factors of v.
2, 3, 233
Suppose 0 = -5*d + 2*a + 12714, d - 2*a + 0*a - 2538 = 0. Suppose -2*w + 14*w = d. Suppose 10 = -2*b + w. What are the prime factors of b?
101
Let w be 12/6 + 44/(-2). Let q = -133 - w. Let v = q + 229. What are the prime factors of v?
2, 29
Suppose -4*i + 6965 = -3*a, 0 = i - 5*a - 1584 - 153. Let f = i + -488. List the prime factors of f.
2, 3, 11, 19
Let x(n) be the first derivative of -n**4/4 + 5*n**3 - 6*n**2 + 6*n - 2. List the prime factors of x(10).
2, 193
Suppose 2*l - 318 = -3*s, 0 = 3*s - 4*s - l + 107. Let d = -105 + s. List the prime factors of d/(1*3/(-279)*3).
31
Let r(n) = 7*n**2 - 27*n - 1568. What are the prime factors of r(-51)?
2, 563
Let f = -86 - -82. List the prime factors of (1 + 0/f - 181)/(-1).
2, 3, 5
Suppose -3*h = -3*r - 9725 + 33995, 0 = 3*r + h - 24278. List the prime factors of r.
2, 7, 17
Suppose 23720 = 5*l + 5820. What are the prime factors of l?
2, 5, 179
Let g be (-152)/(-114)*(-3)/2. Let p(k) = 223*k**2 + 24*k + 4. What are the prime factors of p(g)?
2, 53
Suppose 4*n - 444 - 639 = 3*w, 3*w + 1086 = 5*n. Let j = w - -598. List the prime factors of j.
241
Suppose 2*t = 269*v - 265*v + 1492, -t + 3*v = -743. List the prime factors of t.
2, 47
Suppose 42*j + 34*j = -216*j + 24043864. List the prime factors of j.
2, 13, 3167
Let y = 460 + -445. Suppose 0 = -20*d - y*d + 2590. List the prime factors of d.
2, 37
List the prime factors of 1156760/66 - ((20/3)/4 - 1).
2, 3, 23, 127
Suppose -x + 14*x - 55224 = 0. What are the prime factors of 7*(2/7 + x/126)?
2, 7, 17
Let k = 65 - 63. Suppose k*b = -u + 408, 191 = b + 2*u - 7. List the prime factors of b.
2, 103
Suppose 3100*x - 62532 = 3097*x. What are the prime factors of x?
2, 3, 193
Let x be 3975/(-18) - 110/(-132). Let c = 339 + x. What are the prime factors of c?
7, 17
Suppose -13*y - 129 + 168 = 0. List the prime factors of 10*-81*y/(-18).
3, 5
Suppose 1796 = 2*f + f - 2*f. List the prime factors of f.
2, 449
Suppose -6*b = -9 - 195. Let i(p) = -12 - 23 + 4 - b*p + 12*p. List the prime factors of i(-6).
101
Let p(h) = 59*h**2 - 55*h + 148. What are the prime factors of p(3)?
2, 257
Let s be -3*1/(-6) + (-8)/(-16). Let k be 0 + 3 + s + (1 - 0). Suppose -k*b + 17 = w, 0 = -3*w + 4*b - 1 + 109. What are the prime factors of w?
2
Let a be (12/(-9))/(3/(-234)). Suppose a - 20 = -4*m. List the prime factors of 6/m - 317/(-7).
3, 5
Let z be 1*2/2*(-2 - -16). Suppose -50 - z = -m - 2*d, 2*d = 0. Let y = m + 46. What are the prime factors of y?
2, 5, 11
Suppose 0 = 3*i + 3*w - w + 3668, 4*i = 5*w - 4906. Let z be (-8)/28 + i/(-21). Let k = 97 - z. List the prime factors of k.
3, 13
Suppose -t + 46*h = 43*h - 39277, t - 39307 = -2*h. List the prime factors of t.
5, 29, 271
Let i = 31913 - 11527. List the prime factors of i.
2, 10193
Let k = -171 + 172. Let u(a) = 412*a**2 + a - 1. What are the prime factors of u(k)?
2, 103
Let z = -308 - -301. What are the prime factors of 6*((-283)/(-3) + z)?
2, 131
Suppose 4*c - n = 6398, 9*c + 3192 = 11*c + 3*n. List the prime factors of c.
3, 13, 41
Suppose -5*d + 2*j + 300924 = 0, 57*d + 5*j + 300900 = 62*d. List the prime factors of d.
2, 41, 367
Let l be (1 + -3 - 3/(-2))*-634. Let u be (-18 - -17)/((-1)/23). Suppose -4*d = -u - l. List the prime factors of d.
5, 17
Suppose -64974 = -r + 5*n, -2*r + 3*n + 64980 = -r. What are the prime factors of r?
3, 29, 83
Suppose 131460 = 4*i - 4*s, -2*s + 456 = 470. What are the prime factors of i?
2, 7, 2347
Let p(b) = 76*b**3 + 35*b**2 + 6*b - 3. List the prime factors of p(5).
2, 7, 743
Suppose 2*l - 35 = -21. Suppose l*o + 3*o - 50 = 0. List the prime factors of 4/(-10) + 437/o.
3, 29
Let d(u) = -2*u**2 - 12*u. Let t be d(-8). Let j = t - -560. What are the prime factors of j?
2, 3, 11
Suppose 0 = -0*j - j. Suppose j*o - 1200 = -4*o. Suppose -2*h = h - o. List the prime factors of h.
2, 5
Suppose 0 = 4*h + 2*g + 164, 4*h + 0*h - 3*g + 174 = 0. Let i be (h/9)/(3/(-36)). List the prime factors of (-16)/i + 30/7.
2
Let n be -44*-2*(-7)/8. Let r = 9280 - 9340. Let f = r - n. What are the prime factors of f?
17
Let b(s) = -106*s - 60. Let u(l) = -21*l - 12. Let g(k) = 2*b(k) - 11*u(k). Let i be (9/18)/1*16. List the prime factors of g(i).
2, 41
Suppose 0 = 37*r + 6*r - 893024. What are the prime factors of r?
2, 11, 59
Let b(q) = 2*q**2 + 90*q + 3. Let h be b(-45). Suppose -r = -5*u - 399, -r + 4*u = -h*r + 728. What are the prime factors of r?
2, 11, 17
Suppose 37*k + 622215 = 40*k + 52*k. What are the prime factors of k?
3, 419
Let m(p) = -6663*p**3 + 22*p + 22. List the prime factors of m(-1).
3, 222